[INFO] cloning repository https://github.com/Takamichi-tsutsumi/ejubatus-server
[INFO] running `Command { std: "git" "-c" "credential.helper=" "-c" "credential.helper=/workspace/cargo-home/bin/git-credential-null" "clone" "--bare" "https://github.com/Takamichi-tsutsumi/ejubatus-server" "/workspace/cache/git-repos/https%3A%2F%2Fgithub.com%2FTakamichi-tsutsumi%2Fejubatus-server", kill_on_drop: false }`
[INFO] [stderr] Cloning into bare repository '/workspace/cache/git-repos/https%3A%2F%2Fgithub.com%2FTakamichi-tsutsumi%2Fejubatus-server'...
[INFO] running `Command { std: "git" "rev-parse" "HEAD", kill_on_drop: false }`
[INFO] [stdout] f241a979f71ba640232bdeb9250cf538cb05015e
[INFO] checking Takamichi-tsutsumi/ejubatus-server against try#72f88fc4e9458f89516a0b8b0868f3718aec5b47 for pr-74989
[INFO] running `Command { std: "git" "clone" "/workspace/cache/git-repos/https%3A%2F%2Fgithub.com%2FTakamichi-tsutsumi%2Fejubatus-server" "/workspace/builds/worker-1/source", kill_on_drop: false }`
[INFO] [stderr] Cloning into '/workspace/builds/worker-1/source'...
[INFO] [stderr] done.
[INFO] validating manifest of git repo https://github.com/Takamichi-tsutsumi/ejubatus-server on toolchain 72f88fc4e9458f89516a0b8b0868f3718aec5b47
[INFO] running `Command { std: "/workspace/cargo-home/bin/cargo" "+72f88fc4e9458f89516a0b8b0868f3718aec5b47" "read-manifest" "--manifest-path" "Cargo.toml", kill_on_drop: false }`
[INFO] started tweaking git repo https://github.com/Takamichi-tsutsumi/ejubatus-server
[INFO] finished tweaking git repo https://github.com/Takamichi-tsutsumi/ejubatus-server
[INFO] tweaked toml for git repo https://github.com/Takamichi-tsutsumi/ejubatus-server written to /workspace/builds/worker-1/source/Cargo.toml
[INFO] crate git repo https://github.com/Takamichi-tsutsumi/ejubatus-server already has a lockfile, it will not be regenerated
[INFO] running `Command { std: "/workspace/cargo-home/bin/cargo" "+72f88fc4e9458f89516a0b8b0868f3718aec5b47" "fetch" "--locked" "--manifest-path" "Cargo.toml", kill_on_drop: false }`
[INFO] [stderr]     Blocking waiting for file lock on package cache
[INFO] [stderr]     Blocking waiting for file lock on package cache
[INFO] [stderr]  Downloading crates ...
[INFO] [stderr]   Downloaded dotenv v0.12.0
[INFO] running `Command { std: "docker" "create" "-v" "/var/lib/crater-agent-workspace/builds/worker-1/target:/opt/rustwide/target:rw,Z" "-v" "/var/lib/crater-agent-workspace/builds/worker-1/source:/opt/rustwide/workdir:ro,Z" "-v" "/var/lib/crater-agent-workspace/cargo-home:/opt/rustwide/cargo-home:ro,Z" "-v" "/var/lib/crater-agent-workspace/rustup-home:/opt/rustwide/rustup-home:ro,Z" "-e" "SOURCE_DIR=/opt/rustwide/workdir" "-e" "CARGO_TARGET_DIR=/opt/rustwide/target" "-e" "CARGO_HOME=/opt/rustwide/cargo-home" "-e" "RUSTUP_HOME=/opt/rustwide/rustup-home" "-w" "/opt/rustwide/workdir" "-m" "1610612736" "--user" "0:0" "--network" "none" "rustops/crates-build-env@sha256:d92eaeed33fa75130ca1ee6c8a01d1ffb62bac859dfdfb3450e3e5d1c0146529" "/opt/rustwide/cargo-home/bin/cargo" "+72f88fc4e9458f89516a0b8b0868f3718aec5b47" "metadata" "--no-deps" "--format-version=1", kill_on_drop: false }`
[INFO] [stdout] d2a67f09d5d57cc801a1d0ba6f6e9d62b08a585fc48fd8c40d0b21f2ec67dac1
[INFO] [stderr] WARNING: Your kernel does not support swap limit capabilities or the cgroup is not mounted. Memory limited without swap.
[INFO] running `Command { std: "docker" "start" "-a" "d2a67f09d5d57cc801a1d0ba6f6e9d62b08a585fc48fd8c40d0b21f2ec67dac1", kill_on_drop: false }`
[INFO] running `Command { std: "docker" "inspect" "d2a67f09d5d57cc801a1d0ba6f6e9d62b08a585fc48fd8c40d0b21f2ec67dac1", kill_on_drop: false }`
[INFO] running `Command { std: "docker" "rm" "-f" "d2a67f09d5d57cc801a1d0ba6f6e9d62b08a585fc48fd8c40d0b21f2ec67dac1", kill_on_drop: false }`
[INFO] [stdout] d2a67f09d5d57cc801a1d0ba6f6e9d62b08a585fc48fd8c40d0b21f2ec67dac1
[INFO] running `Command { std: "docker" "create" "-v" "/var/lib/crater-agent-workspace/builds/worker-1/target:/opt/rustwide/target:rw,Z" "-v" "/var/lib/crater-agent-workspace/builds/worker-1/source:/opt/rustwide/workdir:ro,Z" "-v" "/var/lib/crater-agent-workspace/cargo-home:/opt/rustwide/cargo-home:ro,Z" "-v" "/var/lib/crater-agent-workspace/rustup-home:/opt/rustwide/rustup-home:ro,Z" "-e" "SOURCE_DIR=/opt/rustwide/workdir" "-e" "CARGO_TARGET_DIR=/opt/rustwide/target" "-e" "CARGO_INCREMENTAL=0" "-e" "RUST_BACKTRACE=full" "-e" "RUSTFLAGS=--cap-lints=forbid" "-e" "CARGO_HOME=/opt/rustwide/cargo-home" "-e" "RUSTUP_HOME=/opt/rustwide/rustup-home" "-w" "/opt/rustwide/workdir" "-m" "1610612736" "--user" "0:0" "--network" "none" "rustops/crates-build-env@sha256:d92eaeed33fa75130ca1ee6c8a01d1ffb62bac859dfdfb3450e3e5d1c0146529" "/opt/rustwide/cargo-home/bin/cargo" "+72f88fc4e9458f89516a0b8b0868f3718aec5b47" "check" "--frozen" "--all" "--all-targets" "--message-format=json", kill_on_drop: false }`
[INFO] [stdout] 796237c0125b5ac19a0e33f3be29ca9895b037b29a43bd4fbb39506ff5c3bb43
[INFO] [stderr] WARNING: Your kernel does not support swap limit capabilities or the cgroup is not mounted. Memory limited without swap.
[INFO] running `Command { std: "docker" "start" "-a" "796237c0125b5ac19a0e33f3be29ca9895b037b29a43bd4fbb39506ff5c3bb43", kill_on_drop: false }`
[INFO] [stderr]     Blocking waiting for file lock on package cache
[INFO] [stderr]     Checking futures v0.1.21
[INFO] [stderr]     Checking lazy_static v1.0.0
[INFO] [stderr]     Checking nodrop v0.1.12
[INFO] [stderr]     Checking scopeguard v0.3.3
[INFO] [stderr]     Checking lazycell v0.6.0
[INFO] [stderr]     Checking slab v0.4.0
[INFO] [stderr]     Checking memoffset v0.2.1
[INFO] [stderr]    Compiling version_check v0.1.3
[INFO] [stderr]    Compiling regex v1.0.0
[INFO] [stderr]     Checking utf8-ranges v1.0.0
[INFO] [stderr]     Checking slab v0.3.0
[INFO] [stderr]     Checking take v0.1.0
[INFO] [stderr]     Checking safemem v0.2.0
[INFO] [stderr]     Checking smallvec v0.2.1
[INFO] [stderr]     Checking percent-encoding v1.0.1
[INFO] [stderr]     Checking httparse v1.2.4
[INFO] [stderr]     Checking iovec v0.1.2
[INFO] [stderr]     Checking num_cpus v1.8.0
[INFO] [stderr]     Checking memchr v2.0.1
[INFO] [stderr]     Checking time v0.1.40
[INFO] [stderr]     Checking log v0.4.1
[INFO] [stderr]     Checking crossbeam-utils v0.3.2
[INFO] [stderr]     Checking net2 v0.2.32
[INFO] [stderr]    Compiling backtrace-sys v0.1.21
[INFO] [stderr]     Checking unreachable v1.0.0
[INFO] [stderr]     Checking regex-syntax v0.6.0
[INFO] [stderr]    Compiling proc-macro2 v0.3.8
[INFO] [stderr]    Compiling proc-macro2 v0.4.3
[INFO] [stderr]    Compiling syntex_fmt_macros v0.5.0
[INFO] [stderr]     Checking arrayvec v0.4.7
[INFO] [stderr]     Checking base64 v0.9.1
[INFO] [stderr]     Checking rand v0.3.22
[INFO] [stderr]     Checking aho-corasick v0.6.4
[INFO] [stderr]     Checking log v0.3.9
[INFO] [stderr]     Checking thread_local v0.3.5
[INFO] [stderr]     Checking bytes v0.4.8
[INFO] [stderr]     Checking mio v0.6.14
[INFO] [stderr]    Compiling unicase v2.1.0
[INFO] [stderr]    Compiling quote v0.6.2
[INFO] [stderr]     Checking crossbeam-epoch v0.4.1
[INFO] [stderr]    Compiling syn v0.14.0
[INFO] [stderr]    Compiling quote v0.5.2
[INFO] [stderr]    Compiling syn v0.13.11
[INFO] [stderr]     Checking crossbeam-deque v0.3.1
[INFO] [stderr]     Checking mime v0.3.7
[INFO] [stderr]     Checking tokio-executor v0.1.2
[INFO] [stderr]     Checking tokio-io v0.1.6
[INFO] [stderr]     Checking tokio-service v0.1.0
[INFO] [stderr]     Checking relay v0.1.1
[INFO] [stderr]     Checking want v0.0.4
[INFO] [stderr]     Checking futures-cpupool v0.1.8
[INFO] [stderr]     Checking backtrace v0.3.8
[INFO] [stderr]     Checking error-chain v0.11.0
[INFO] [stderr]     Checking tokio-threadpool v0.1.3
[INFO] [stderr]     Checking tokio-timer v0.2.3
[INFO] [stderr]     Checking tokio-reactor v0.1.1
[INFO] [stderr]     Checking tokio-tcp v0.1.0
[INFO] [stderr]     Checking tokio-udp v0.1.0
[INFO] [stderr]     Checking tokio-fs v0.1.0
[INFO] [stderr]     Checking tokio v0.1.6
[INFO] [stderr]     Checking tokio-core v0.1.17
[INFO] [stderr]     Checking tokio-proto v0.1.1
[INFO] [stderr]     Checking hyper v0.11.27
[INFO] [stderr]    Compiling derive-error-chain v0.11.2
[INFO] [stderr]    Compiling diesel_derives v1.3.0
[INFO] [stderr]     Checking dotenv v0.12.0
[INFO] [stderr]     Checking diesel v1.3.0
[INFO] [stderr]     Checking ejubatus-server v0.1.0 (/opt/rustwide/workdir)
[INFO] [stdout] error[E0432]: unresolved import `hyper::server::Client`
[INFO] [stdout]  --> src/main.rs:6:21
[INFO] [stdout]   |
[INFO] [stdout] 6 | use hyper::server::{Client, Http, Request, Response, Server, Service};
[INFO] [stdout]   |                     ^^^^^^ no `Client` in `server`
[INFO] [stdout] 
[INFO] [stdout] 
[INFO] [stdout] error[E0432]: unresolved import `hyper::server::Client`
[INFO] [stdout]  --> src/main.rs:6:21
[INFO] [stdout]   |
[INFO] [stdout] 6 | use hyper::server::{Client, Http, Request, Response, Server, Service};
[INFO] [stdout]   |                     ^^^^^^ no `Client` in `server`
[INFO] [stdout] 
[INFO] [stdout] 
[INFO] [stdout] error[E0433]: failed to resolve: could not find `rt` in `hyper`
[INFO] [stdout]   --> src/main.rs:31:12
[INFO] [stdout]    |
[INFO] [stdout] 31 |     hyper::rt::run(future::lazy(move || {
[INFO] [stdout]    |            ^^ could not find `rt` in `hyper`
[INFO] [stdout] 
[INFO] [stdout] 
[INFO] [stdout] warning: unused import: `Http`
[INFO] [stdout]  --> src/main.rs:6:29
[INFO] [stdout]   |
[INFO] [stdout] 6 | use hyper::server::{Client, Http, Request, Response, Server, Service};
[INFO] [stdout]   |                             ^^^^
[INFO] [stdout]   |
[INFO] [stdout]   = note: `#[warn(unused_imports)]` on by default
[INFO] [stdout] 
[INFO] [stdout] 
[INFO] [stdout] warning: trait objects without an explicit `dyn` are deprecated
[INFO] [stdout]   --> src/main.rs:17:23
[INFO] [stdout]    |
[INFO] [stdout] 17 |     type Future = Box<Future<Item = Self::Response, Error = Self::Error>>;
[INFO] [stdout]    |                       ^^^^^^^^^^^^^^^^^^^^^^^^^^^^^^^^^^^^^^^^^^^^^^^^^^ help: use `dyn`: `dyn Future<Item = Self::Response, Error = Self::Error>`
[INFO] [stdout]    |
[INFO] [stdout]    = note: `#[warn(bare_trait_objects)]` on by default
[INFO] [stdout] 
[INFO] [stdout] 
[INFO] [stdout] error[E0433]: failed to resolve: could not find `rt` in `hyper`
[INFO] [stdout]   --> src/main.rs:31:12
[INFO] [stdout]    |
[INFO] [stdout] 31 |     hyper::rt::run(future::lazy(move || {
[INFO] [stdout]    |            ^^ could not find `rt` in `hyper`
[INFO] [stdout] 
[INFO] [stdout] 
[INFO] [stdout] warning: unused import: `Http`
[INFO] [stdout]  --> src/main.rs:6:29
[INFO] [stdout]   |
[INFO] [stdout] 6 | use hyper::server::{Client, Http, Request, Response, Server, Service};
[INFO] [stdout]   |                             ^^^^
[INFO] [stdout]   |
[INFO] [stdout]   = note: `#[warn(unused_imports)]` on by default
[INFO] [stdout] 
[INFO] [stdout] 
[INFO] [stdout] warning: trait objects without an explicit `dyn` are deprecated
[INFO] [stdout]   --> src/main.rs:17:23
[INFO] [stdout]    |
[INFO] [stdout] 17 |     type Future = Box<Future<Item = Self::Response, Error = Self::Error>>;
[INFO] [stdout]    |                       ^^^^^^^^^^^^^^^^^^^^^^^^^^^^^^^^^^^^^^^^^^^^^^^^^^ help: use `dyn`: `dyn Future<Item = Self::Response, Error = Self::Error>`
[INFO] [stdout]    |
[INFO] [stdout]    = note: `#[warn(bare_trait_objects)]` on by default
[INFO] [stdout] 
[INFO] [stdout] 
[INFO] [stdout] error[E0599]: no function or associated item named `bind` found for struct `hyper::Server<_, _>` in the current scope
[INFO] [stdout]   --> src/main.rs:34:30
[INFO] [stdout]    |
[INFO] [stdout] 34 |         let server = Server::bind(&addr)
[INFO] [stdout]    |                              ^^^^ function or associated item not found in `hyper::Server<_, _>`
[INFO] [stdout] 
[INFO] [stdout] 
[INFO] [stdout] error[E0599]: no function or associated item named `bind` found for struct `hyper::Server<_, _>` in the current scope
[INFO] [stdout]   --> src/main.rs:34:30
[INFO] [stdout]    |
[INFO] [stdout] 34 |         let server = Server::bind(&addr)
[INFO] [stdout]    |                              ^^^^ function or associated item not found in `hyper::Server<_, _>`
[INFO] [stdout] 
[INFO] [stdout] 
[INFO] [stdout] warning: unused import: `Stream`
[INFO] [stdout]  --> src/main.rs:4:31
[INFO] [stdout]   |
[INFO] [stdout] 4 | use futures::{future, Future, Stream};
[INFO] [stdout]   |                               ^^^^^^
[INFO] [stdout] 
[INFO] [stdout] 
[INFO] [stdout] error: aborting due to 3 previous errors; 3 warnings emitted
[INFO] [stdout] 
[INFO] [stdout] 
[INFO] [stdout] Some errors have detailed explanations: E0432, E0433, E0599.
[INFO] [stdout] 
[INFO] [stdout] For more information about an error, try `rustc --explain E0432`.
[INFO] [stdout] 
[INFO] [stdout] warning: unused import: `Stream`
[INFO] [stdout]  --> src/main.rs:4:31
[INFO] [stdout]   |
[INFO] [stdout] 4 | use futures::{future, Future, Stream};
[INFO] [stdout]   |                               ^^^^^^
[INFO] [stdout] 
[INFO] [stdout] 
[INFO] [stderr] error: could not compile `ejubatus-server`.
[INFO] [stdout] error: aborting due to 3 previous errors; 3 warnings emitted
[INFO] [stdout] 
[INFO] [stdout] 
[INFO] [stderr] 
[INFO] [stdout] Some errors have detailed explanations: E0432, E0433, E0599.
[INFO] [stdout] 
[INFO] [stderr] To learn more, run the command again with --verbose.
[INFO] [stdout] For more information about an error, try `rustc --explain E0432`.
[INFO] [stdout] 
[INFO] [stderr] warning: build failed, waiting for other jobs to finish...
[INFO] [stderr] error: build failed
[INFO] running `Command { std: "docker" "inspect" "796237c0125b5ac19a0e33f3be29ca9895b037b29a43bd4fbb39506ff5c3bb43", kill_on_drop: false }`
[INFO] running `Command { std: "docker" "rm" "-f" "796237c0125b5ac19a0e33f3be29ca9895b037b29a43bd4fbb39506ff5c3bb43", kill_on_drop: false }`
[INFO] [stdout] 796237c0125b5ac19a0e33f3be29ca9895b037b29a43bd4fbb39506ff5c3bb43
